1*-1 - (2 + -243). Calculate the highest common factor of y and r.
15
Let j(v) = 2*v**3 - 7*v + 8. Let k be j(-6). Let m = -369 - k. Suppose 2*s + 3*s = 2*w - 234, -117 = -w + 3*s. What is the greatest common factor of m and w?
13
Let u(d) = -d**3 - 73*d**2 - 844*d + 21. Let y be u(-14). What is the highest common factor of y and 609?
21
Let h be (-4 - (-193 - -4)/3)*21. Calculate the greatest common divisor of 399 and h.
21
Let u be -2*(-5)/((-10)/(-9)). Suppose -u*x + 27 = -6*x. Suppose d - 115 = -5*f + 64, 3*d = -f + 33. Calculate the greatest common factor of x and f.
9
Let a be 2/(-3) + 3186/(-81). Let s = -35 - a. Calculate the greatest common factor of 70 and s.
5
Let p(j) = 20*j**2 - 384*j - 78. Let v be p(-7). Calculate the highest common divisor of 20 and v.
10
Let r(q) = -8*q**2 - 30*q - 30. Let f be r(-1). Let m be (0 + f)*(-4)/((-24)/(-9)). Calculate the greatest common divisor of 252 and m.
12
Let a = 8649 + -8612. Calculate the greatest common divisor of a and 1.
1
Let d be ((-2)/8 - 4*27/144)*-80. Calculate the highest common divisor of d and 1180.
20
Suppose -4 = -5*a - 209. Let w = -122 - a. Let p = 93 + w. What is the greatest common factor of p and 84?
12
Let o(c) = -59 - c + 13*c - 15*c. Let d be o(-43). What is the greatest common divisor of 7 and d?
7
Let b(j) = -2*j**2 + 37*j - 72. Let v be b(2). Let i be (-90)/36*v/15*8. What is the greatest common factor of i and 40?
8
Let p(c) = -52*c + 1. Let v be p(-4). Let t(m) = m**2 + 21*m - 283. Let k be t(0). Let d = -264 - k. What is the greatest common divisor of d and v?
19
Let w = -296 + 428. Let c = 13 - 8. Let k be 61/c + 1/(-5). What is the highest common divisor of w and k?
12
Let l be (-20)/390*-13 - (-76)/24*14. Suppose 32 = -4*c - 0*c. Let y(x) = -x - 3. Let r be y(c). What is the greatest common divisor of r and l?
5
Let p(z) = z**3 - 6*z**2 + 9*z. Let w be p(4). Suppose w*c = -v + 462, -2*c = 5*v - c - 2215. What is the highest common factor of 26 and v?
26
Let h be ((15 - (-8436)/8) + 5)*8/2. What is the highest common divisor of h and 7?
7
Suppose 29*b - 24*b + p = 530, 205 = 2*b - p. Suppose -401*n = -394*n - b. Suppose -5*v + 284 + 541 = 0. What is the highest common divisor of v and n?
15
Let y be (-62)/(-372) - (-131)/6. What is the greatest common factor of y and 1111?
11
Suppose -56*w = 48585 - 341185. What is the highest common factor of 50 and w?
25
Let i(s) = 60*s**2 + 8*s + 11. Let g be i(-3). Let w = g - 512. Let c be 1/(-1 + (-166)/(-165)). What is the greatest common divisor of c and w?
15
Let d be (-10088)/(-80) + (-4)/40. Suppose 3*m + 4*i = -i + 37, 46 = 3*m - 4*i. Calculate the highest common divisor of m and d.
14
Let i = -17413 + 17837. Calculate the highest common factor of i and 4187.
53
Let b be 80/(-120) + 2056/6. Let x be ((-108)/15)/((-24)/60). What is the greatest common factor of b and x?
18
Let s(g) = 1690*g + 235. Let c be s(1). What is the highest common divisor of c and 1309?
77
Suppose -5*z + 11 = -3*k, -3*k + 19 = z + 2*k. Suppose -2*j = -3*j - 3*l + 45, 0 = z*j - 2*l - 152. What is the highest common divisor of 429 and j?
39
Suppose -46 = 131*b - 347*b + 602. What is the greatest common divisor of b and 47?
1
Suppose -5*s - 7*p + 334 = 0, -224 - 102 = -5*s - 3*p. What is the highest common divisor of 28 and s?
4
Suppose -r - 2675 = -3*h, -2*h = -5*r + 2*r - 1774. What is the greatest common factor of 47 and h?
47
Let z = 4058 - 6587. Let y = z + 4216. Suppose -4*a + 5*i = -y, -2*i = 4*a - 1942 + 276. Calculate the greatest common factor of 38 and a.
38
Let w be (0 - 2)*-4*13. Let j(b) = b**2 - 27*b - 88. Let k be j(35). Let p = k + -179. Calculate the greatest common factor of p and w.
13
Suppose 38 - 313 = -3*d + 5*z, d - 5*z - 95 = 0. Let o(n) = 7*n + 56. Let w be o(-8). Suppose -x + 52 + 173 = w. What is the greatest common factor of d and x?
45
Suppose 0 = -q - 11 + 4. Let v(i) = -2*i**2 - 23*i - 25. Let o be v(q). Calculate the greatest common divisor of 133 and o.
19
Let z = -261 - -264. Suppose 34*r - 35*r + z = 0. What is the highest common factor of r and 123?
3
Let l be 1/(15/(-50)*5/(-6)). Suppose n - y - 11 = 0, l*y - 7 = -n + 9. Calculate the highest common factor of 636 and n.
12
Suppose -29*j = -972 - 7003. Let y = 1075 - j. What is the highest common factor of 32 and y?
32
Let b(t) = -138*t + 5. Let x be b(-1). Let j = 335 - x. Let p = -132 + j. What is the greatest common divisor of 12 and p?
12
Let h be (-6)/9*(-4 - -1). Suppose -h*n + 6 = n. Let s = n - -17. What is the greatest common factor of 19 and s?
19
Let s = -8728 + 11468. What is the greatest common divisor of s and 40?
20
Let k = 9511 + -9407. Calculate the greatest common divisor of 1079 and k.
13
Let v = -2639 - -2793. Calculate the greatest common factor of 210 and v.
14
Suppose -2*z - 4 = 4, -4*y = 2*z - 1268. Let n be (6 - 11) + -2 - -9. Suppose 4*h = -2*w + 65 - 7, n*w - h = 58. What is the greatest common divisor of w and y?
29
Let j be 0*(9 + -6 + -2). Suppose -21*d + 23*d - 198 = j. What is the greatest common divisor of d and 11?
11
Suppose 364 = 134*r - 4058. What is the greatest common divisor of r and 219?
3
Let b be ((-80)/36)/((-82)/2583). Calculate the greatest common factor of 2170 and b.
70
Suppose -13*c + 15 = -18*c. Let g(w) = -w**2 - 2*w + 2. Let u be g(c). Let q = 19 + u. What is the highest common divisor of q and 12?
6
Let y be 2 + (6 + 71 - 4) + -2. Suppose -3*c + y = -z, -3*c + 0*z = -2*z - 71. What is the greatest common divisor of 675 and c?
25
Suppose -7*g - 41 + 228 + 233 = 0. Calculate the highest common factor of g and 640.
20
Let n(x) = x + 18. Let w be n(-16). Suppose 2*i = -b + 203, w*i - b = 7*i - 509. What is the highest common factor of 6 and i?
6
Let r be (-2)/(-10) + (-5)/(175/(-98)). Suppose -y - 240 = -r*j, -y - 320 = -3*j - j. Suppose -12*p + 8*p = -20. What is the highest common divisor of j and p?
5
Let m = 2005 + -1979. What is the greatest common divisor of m and 1586?
26
Suppose c - o - 414 = 0, 5609*o = c + 5607*o - 412. What is the highest common factor of c and 143?
13
Let z(v) = -v + 4. Let j be (-1*3)/((-4)/8 - 1). Let u be z(j). Let w be (u + 12 + -1)/(2/4). What is the highest common factor of w and 39?
13
Suppose 2*i + o - 2612 = 946, o = 4*i - 7092. What is the highest common factor of i and 142?
71
Let k = 32 + -22. Suppose 0 = 18*p - 24*p + 540. Calculate the highest common divisor of p and k.
10
Suppose -v - 8 = -l + 7, v = -3*l + 57. Let f(q) = q**2 - 42*q + 464. Let a be f(19). Let p = a - l. What is the highest common factor of 63 and p?
9
Let b(z) = 44*z - 262. Let l be b(6). Suppose 0 = l*g - 3*c - 1452, -1852 = -3*g - 4*c + 292. Calculate the highest common factor of 15 and g.
15
Let d be 5 + 339 + (-72)/(-9). What is the highest common factor of d and 110?
22
Let i(k) = 10*k**3 + 21*k**2 - 21*k - 18. Let q be i(6). Calculate the greatest common factor of 315 and q.
63
Let q = 6097 + -5829. What is the highest common factor of q and 67?
67
Suppose 0 = -4*i + 2*i + 28. Suppose 2*c - 12 = -2*x, -c = -5*c + x + 14. Calculate the greatest common factor of c and i.
2
Let c(g) = g - 1. Let k be c(4). Let v be ((-320)/k)/((-2)/6). Suppose -l + 23 + 30 = u, -4*u = 5*l - 225. What is the highest common divisor of v and u?
40
Suppose -55*y - 16737 = -312*y + 996. What is the greatest common factor of 2967 and y?
69
Let t be ((-6)/(-15))/((-4)/20). Let b be (t + (5 - 2))/1. Suppose 47*c = 37*c + 80. Calculate the greatest common factor of b and c.
1
Let b be (-5 - -9) + (-2 - 0). Suppose -b*m - 3*t = -147, 0 = 5*m + 6*t - 2*t - 378. Let q = -50 + m. Calculate the highest common divisor of 140 and q.
28
Suppose 3*s - 142 = -r, s + r = -2*r + 34. What is the highest common factor of s and 3136?
49
Let o be (-9)/((-18)/(-44)) + 0. Let u be 2/9 - o/(-99). Suppose u = i - 4*p, 4*p = i + i - 8. Calculate the greatest common factor of i and 80.
8
Let z(b) = -b**3 - 60*b**2 + 67*b + 1134. Let l be z(-61). Let c be ((-54)/(-15))/((-3)/(-40)). Calculate the greatest common divisor of l and c.
48
Let g(s) be the second derivative of -5/6*s**3 + 29*s + 21*s**2 + 0. Let o be g(8). What is the greatest common divisor of 18 and o?
2
Suppose 5*k = 3*k + 200. Suppose 14 = -4*x + 2*y + 616, 3*x + y = 449. Wha